6.
96
What is the greatest common divisor of 13245 and 915?
15
Calculate the highest common divisor of 26 and 38647.
1
What is the greatest common factor of 487861 and 11?
11
Calculate the greatest common factor of 12 and 125502.
6
What is the highest common factor of 104 and 19084?
52
Calculate the highest common divisor of 69416 and 24.
8
Calculate the highest common divisor of 421 and 788533.
421
What is the greatest common factor of 10526 and 2216?
554
What is the greatest common divisor of 1107535 and 455?
65
Calculate the highest common factor of 5071 and 253.
11
What is the greatest common divisor of 721 and 49?
7
What is the greatest common divisor of 707628 and 1635?
327
What is the highest common divisor of 1079088 and 768?
48
What is the greatest common factor of 1615 and 5491?
323
Calculate the greatest common divisor of 203 and 243803.
203
Calculate the highest common divisor of 2291 and 21953.
29
Calculate the greatest common divisor of 3828 and 539088.
132
Calculate the highest common factor of 36232 and 616.
56
What is the highest common divisor of 186 and 261237?
93
What is the highest common factor of 2168026 and 23?
23
What is the highest common factor of 295 and 100?
5
What is the highest common divisor of 310 and 813502?
62
Calculate the greatest common divisor of 1836 and 195534.
918
What is the highest common divisor of 1959 and 9781287?
1959
Calculate the highest common factor of 1060 and 25175.
265
What is the greatest common divisor of 558 and 665198?
62
Calculate the greatest common divisor of 1502907 and 885.
177
Calculate the highest common factor of 576 and 1926.
18
Calculate the highest common factor of 50315 and 8845.
145
Calculate the greatest common factor of 1921 and 935.
17
What is the highest common factor of 75212 and 148?
4
Calculate the highest common divisor of 2311559 and 19.
19
What is the highest common factor of 55540 and 320?
20
Calculate the highest common factor of 80388 and 12267.
261
Calculate the greatest common divisor of 5913 and 7209.
81
Calculate the highest common divisor of 118200 and 2400.
600
What is the greatest common divisor of 195 and 6474?
39
Calculate the greatest common divisor of 194807 and 38.
19
What is the greatest common factor of 480537 and 2994?
1497
What is the greatest common factor of 63750 and 10370?
170
What is the greatest common factor of 1065 and 19738?
71
Calculate the greatest common factor of 6489 and 126.
63
Calculate the greatest common divisor of 5092 and 140.
4
Calculate the greatest common factor of 28 and 1046626.
14
Calculate the greatest common divisor of 397133 and 869.
869
Calculate the highest common factor of 14 and 168868.
14
Calculate the highest common factor of 143 and 14105.
13
Calculate the highest common divisor of 3693921 and 693.
231
Calculate the highest common divisor of 70 and 55034.
14
Calculate the greatest common factor of 942578 and 182.
182
What is the greatest common divisor of 204 and 1877412?
204
What is the highest common divisor of 15095038 and 362?
362
What is the highest common divisor of 140892 and 24?
12
What is the greatest common factor of 195 and 154605?
15
What is the greatest common factor of 2163 and 2625?
21
What is the greatest common divisor of 543880 and 40?
40
Calculate the greatest common divisor of 6 and 253974.
6
What is the highest common factor of 177754 and 3294?
122
Calculate the highest common factor of 21 and 22897.
7
What is the highest common factor of 1497310 and 5?
5
What is the greatest common factor of 11 and 214721?
1
Calculate the highest common factor of 52629 and 6.
3
Calculate the highest common factor of 3760 and 500.
20
What is the highest common factor of 3256 and 548?
4
What is the greatest common factor of 260 and 3291665?
65
What is the highest common factor of 211758 and 203?
29
What is the highest common factor of 987 and 177613?
47
What is the greatest common divisor of 99460 and 60?
20
Calculate the highest common divisor of 679 and 427.
7
Calculate the greatest common divisor of 69814 and 938.
134
What is the highest common divisor of 75 and 13320?
15
Calculate the highest common factor of 11485 and 110.
5
What is the highest common divisor of 5894 and 77?
7
What is the highest common divisor of 1700 and 19210?
170
What is the highest common factor of 3230 and 238?
34
What is the greatest common divisor of 53248 and 91?
13
What is the highest common factor of 59599 and 321?
107
What is the greatest common divisor of 280 and 4280?
40
Calculate the highest common factor of 719340 and 140.
20
Calculate the greatest common divisor of 6565960 and 200.
40
What is the greatest common factor of 22460 and 380?
20
What is the greatest common divisor of 79884 and 3852?
36
Calculate the greatest common divisor of 6 and 9759.
3
Calculate the highest common factor of 224 and 1079904.
224
What is the highest common divisor of 4544 and 96?
32
What is the greatest common factor of 56618 and 2?
2
Calculate the greatest common factor of 1820 and 650.
130
What is the greatest common divisor of 139633 and 598?
299
What is the highest common factor of 33135 and 1175?
235
Calculate the highest common factor of 720 and 12456.
72
What is the highest common divisor of 188730 and 90?
90
Calculate the greatest common factor of 437294 and 66.
22
What is the greatest common factor of 12806 and 8?
2
What is the highest common factor of 10165 and 201267?
2033
What is the greatest common factor of 262251 and 6831?
297
Calculate the highest common factor of 1638120 and 880.
440
What is the greatest common factor of 5083 and 15962?
23
Calculate the highest common divisor of 2609027 and 1.
1
What is the greatest common factor of 541228 and 13988?
1076
What is the greatest common factor of 471496 and 96?
8
What is the highest common divisor of 121225 and 650?
325
Calculate the greatest common divisor of 74130 and 210.
210
What is the greatest common divisor of 6200 and 50?
50
What is the greatest common factor of 8340 and 86875?
695
What is the highest common divisor of 2196 and 1404?
36
What is the highest common divisor of 421 and 2900269?
421
What is the greatest common factor of 35861 and 56?
7
What is the highest common divisor of 774 and 2408?
86
What is the highest common factor of 16 and 184232?
8
What is the highest common divisor of 42824 and 2222?
202
What is the highest common factor of 2826 and 729?
9
What is the highest common divisor of 12818 and 153?
17
Calculate the highest common divisor of 36 and 32356.
4
What is the highest common factor of 5868 and 1881?
9
What is the greatest common divisor of 532 and 2884?
28
Calculate the highest common factor of 27 and 1752813.
27
Calculate the highest common factor of 11 and 2113133.
11
What is the greatest common divisor of 184 and 8372?
92
Calculate the highest common divisor of 1971 and 4401.
27
Calculate the greatest common divisor of 1035 and 22149.
207
What is the highest common factor of 469864 and 72?
8
What is the greatest common factor of 444 and 3899319?
111
What is the greatest common divisor of 781644 and 288?
12
What is the highest common divisor of 1496 and 153?
17
Calculate the highest common factor of 56 and 19628.
28
What is the highest common divisor of 66 and 978681?
33
What is the highest common factor of 901620 and 180?
180
What is the highest common factor of 31 and 58466?
31
Calculate the greatest common factor of 1643044 and 1976.
988
What is the highest common divisor of 30 and 25944?
6
Calculate the highest common factor of 1120 and 2570176.
224
Calculate the highest common factor of 199208 and 4440.
296
Calculate the greatest common factor of 146464 and 667.
23
What is the greatest common factor of 19493 and 26260?
101
What is the greatest common divisor of 5762 and 24522?
134
What is the greatest common divisor of 1020 and 35820?
60
Calculate the greatest common factor of 128 and 2776.
8
What is the greatest common factor of 69 and 268985?
23
What is the highest common divisor of 8379 and 6321?
147
What is the greatest common factor of 60 and 545290?
10
What is the highest common factor of 1792 and 48496?
112
Calculate the highest common divisor of 85426 and 1573.
121
What is the highest common factor of 81744 and 9984?
624
Wh